{"id":153,"date":"2026-01-26T21:04:25","date_gmt":"2026-01-26T20:04:25","guid":{"rendered":"http:\/\/new2.ff-einbeck.de\/?page_id=153"},"modified":"2026-03-16T20:29:19","modified_gmt":"2026-03-16T19:29:19","slug":"brandschutzerziehung","status":"publish","type":"page","link":"https:\/\/www.feuerwehr-einbeck.de\/?page_id=153","title":{"rendered":"Brandschutzerziehung"},"content":{"rendered":"\n\n\n\n\n\n","protected":false},"excerpt":{"rendered":"","protected":false},"author":2,"featured_media":0,"parent":0,"menu_order":0,"comment_status":"closed","ping_status":"closed","template":"","meta":{"saved_in_kubio":true,"footnotes":""},"class_list":["post-153","page","type-page","status-publish","hentry"],"kubio_ai_page_context":{"short_desc":"Dienstleistung Brandschutzerziehung f\u00fcr Unternehmen - F\u00fchrungen durch die Wache auch f\u00fcr Kinderg\u00e4rten und Schulklassen","purpose":"services","isFrontPage":false},"_links":{"self":[{"href":"https:\/\/www.feuerwehr-einbeck.de\/index.php?rest_route=\/wp\/v2\/pages\/153","targetHints":{"allow":["GET"]}}],"collection":[{"href":"https:\/\/www.feuerwehr-einbeck.de\/index.php?rest_route=\/wp\/v2\/pages"}],"about":[{"href":"https:\/\/www.feuerwehr-einbeck.de\/index.php?rest_route=\/wp\/v2\/types\/page"}],"author":[{"embeddable":true,"href":"https:\/\/www.feuerwehr-einbeck.de\/index.php?rest_route=\/wp\/v2\/users\/2"}],"replies":[{"embeddable":true,"href":"https:\/\/www.feuerwehr-einbeck.de\/index.php?rest_route=%2Fwp%2Fv2%2Fcomments&post=153"}],"version-history":[{"count":10,"href":"https:\/\/www.feuerwehr-einbeck.de\/index.php?rest_route=\/wp\/v2\/pages\/153\/revisions"}],"predecessor-version":[{"id":972,"href":"https:\/\/www.feuerwehr-einbeck.de\/index.php?rest_route=\/wp\/v2\/pages\/153\/revisions\/972"}],"wp:attachment":[{"href":"https:\/\/www.feuerwehr-einbeck.de\/index.php?rest_route=%2Fwp%2Fv2%2Fmedia&parent=153"}],"curies":[{"name":"wp","href":"https:\/\/api.w.org\/{rel}","templated":true}]}}

Dienstleistung Brandschutzerziehung für Unternehmen - Führungen durch die Wache auch für Kindergärten und Schulklassen
