{"id":852,"date":"2026-03-06T09:30:00","date_gmt":"2026-03-06T08:30:00","guid":{"rendered":"http:\/\/new2.ff-einbeck.de\/?post_type=einsatz&#038;p=852"},"modified":"2026-03-13T15:30:36","modified_gmt":"2026-03-13T14:30:36","slug":"tueroeffnung-fuer-den-rettungsdiest","status":"publish","type":"einsatz","link":"https:\/\/www.feuerwehr-einbeck.de\/?einsatz=tueroeffnung-fuer-den-rettungsdiest","title":{"rendered":"T\u00fcr\u00f6ffnung f\u00fcr den Rettungsdiest"},"content":{"rendered":"","protected":false},"excerpt":{"rendered":"","protected":false},"author":3,"featured_media":0,"template":"","meta":{"saved_in_kubio":false,"einsatz_weight":1,"footnotes":""},"categories":[18],"tags":[],"einsatzart":[12],"fahrzeug":[48],"exteinsatzmittel":[],"alarmierungsart":[16],"evw_unit":[53,52],"class_list":["post-852","einsatz","type-einsatz","status-publish","hentry","category-einsaetze","einsatzart-hilfeleistung","fahrzeug-kommandowagen-brandmeister-vom-dienst","alarmierungsart-einsatz-klein","evw_unit-polizei","evw_unit-rettungsdienst"],"_links":{"self":[{"href":"https:\/\/www.feuerwehr-einbeck.de\/index.php?rest_route=\/wp\/v2\/einsatz\/852","targetHints":{"allow":["GET"]}}],"collection":[{"href":"https:\/\/www.feuerwehr-einbeck.de\/index.php?rest_route=\/wp\/v2\/einsatz"}],"about":[{"href":"https:\/\/www.feuerwehr-einbeck.de\/index.php?rest_route=\/wp\/v2\/types\/einsatz"}],"author":[{"embeddable":true,"href":"https:\/\/www.feuerwehr-einbeck.de\/index.php?rest_route=\/wp\/v2\/users\/3"}],"version-history":[{"count":1,"href":"https:\/\/www.feuerwehr-einbeck.de\/index.php?rest_route=\/wp\/v2\/einsatz\/852\/revisions"}],"predecessor-version":[{"id":853,"href":"https:\/\/www.feuerwehr-einbeck.de\/index.php?rest_route=\/wp\/v2\/einsatz\/852\/revisions\/853"}],"wp:attachment":[{"href":"https:\/\/www.feuerwehr-einbeck.de\/index.php?rest_route=%2Fwp%2Fv2%2Fmedia&parent=852"}],"wp:term":[{"taxonomy":"category","embeddable":true,"href":"https:\/\/www.feuerwehr-einbeck.de\/index.php?rest_route=%2Fwp%2Fv2%2Fcategories&post=852"},{"taxonomy":"post_tag","embeddable":true,"href":"https:\/\/www.feuerwehr-einbeck.de\/index.php?rest_route=%2Fwp%2Fv2%2Ftags&post=852"},{"taxonomy":"einsatzart","embeddable":true,"href":"https:\/\/www.feuerwehr-einbeck.de\/index.php?rest_route=%2Fwp%2Fv2%2Feinsatzart&post=852"},{"taxonomy":"fahrzeug","embeddable":true,"href":"https:\/\/www.feuerwehr-einbeck.de\/index.php?rest_route=%2Fwp%2Fv2%2Ffahrzeug&post=852"},{"taxonomy":"exteinsatzmittel","embeddable":true,"href":"https:\/\/www.feuerwehr-einbeck.de\/index.php?rest_route=%2Fwp%2Fv2%2Fexteinsatzmittel&post=852"},{"taxonomy":"alarmierungsart","embeddable":true,"href":"https:\/\/www.feuerwehr-einbeck.de\/index.php?rest_route=%2Fwp%2Fv2%2Falarmierungsart&post=852"},{"taxonomy":"evw_unit","embeddable":true,"href":"https:\/\/www.feuerwehr-einbeck.de\/index.php?rest_route=%2Fwp%2Fv2%2Fevw_unit&post=852"}],"curies":[{"name":"wp","href":"https:\/\/api.w.org\/{rel}","templated":true}]}}

Türöffnung für den Rettungsdiest
