{"id":843,"date":"2026-02-28T04:05:00","date_gmt":"2026-02-28T03:05:00","guid":{"rendered":"http:\/\/new2.ff-einbeck.de\/?post_type=einsatz&#038;p=843"},"modified":"2026-03-13T15:27:33","modified_gmt":"2026-03-13T14:27:33","slug":"tueroeffnung-fuer-den-rettungsdienst-9","status":"publish","type":"einsatz","link":"https:\/\/www.feuerwehr-einbeck.de\/?einsatz=tueroeffnung-fuer-den-rettungsdienst-9","title":{"rendered":"T\u00fcr\u00f6ffnung f\u00fcr den Rettungsdienst"},"content":{"rendered":"","protected":false},"excerpt":{"rendered":"","protected":false},"author":3,"featured_media":0,"template":"","meta":{"saved_in_kubio":false,"einsatz_weight":1,"footnotes":""},"categories":[18],"tags":[],"einsatzart":[12],"fahrzeug":[23,48],"exteinsatzmittel":[],"alarmierungsart":[16],"evw_unit":[53,52],"class_list":["post-843","einsatz","type-einsatz","status-publish","hentry","category-einsaetze","einsatzart-hilfeleistung","fahrzeug-hlf-20-16","fahrzeug-kommandowagen-brandmeister-vom-dienst","alarmierungsart-einsatz-klein","evw_unit-polizei","evw_unit-rettungsdienst"],"_links":{"self":[{"href":"https:\/\/www.feuerwehr-einbeck.de\/index.php?rest_route=\/wp\/v2\/einsatz\/843","targetHints":{"allow":["GET"]}}],"collection":[{"href":"https:\/\/www.feuerwehr-einbeck.de\/index.php?rest_route=\/wp\/v2\/einsatz"}],"about":[{"href":"https:\/\/www.feuerwehr-einbeck.de\/index.php?rest_route=\/wp\/v2\/types\/einsatz"}],"author":[{"embeddable":true,"href":"https:\/\/www.feuerwehr-einbeck.de\/index.php?rest_route=\/wp\/v2\/users\/3"}],"version-history":[{"count":1,"href":"https:\/\/www.feuerwehr-einbeck.de\/index.php?rest_route=\/wp\/v2\/einsatz\/843\/revisions"}],"predecessor-version":[{"id":845,"href":"https:\/\/www.feuerwehr-einbeck.de\/index.php?rest_route=\/wp\/v2\/einsatz\/843\/revisions\/845"}],"wp:attachment":[{"href":"https:\/\/www.feuerwehr-einbeck.de\/index.php?rest_route=%2Fwp%2Fv2%2Fmedia&parent=843"}],"wp:term":[{"taxonomy":"category","embeddable":true,"href":"https:\/\/www.feuerwehr-einbeck.de\/index.php?rest_route=%2Fwp%2Fv2%2Fcategories&post=843"},{"taxonomy":"post_tag","embeddable":true,"href":"https:\/\/www.feuerwehr-einbeck.de\/index.php?rest_route=%2Fwp%2Fv2%2Ftags&post=843"},{"taxonomy":"einsatzart","embeddable":true,"href":"https:\/\/www.feuerwehr-einbeck.de\/index.php?rest_route=%2Fwp%2Fv2%2Feinsatzart&post=843"},{"taxonomy":"fahrzeug","embeddable":true,"href":"https:\/\/www.feuerwehr-einbeck.de\/index.php?rest_route=%2Fwp%2Fv2%2Ffahrzeug&post=843"},{"taxonomy":"exteinsatzmittel","embeddable":true,"href":"https:\/\/www.feuerwehr-einbeck.de\/index.php?rest_route=%2Fwp%2Fv2%2Fexteinsatzmittel&post=843"},{"taxonomy":"alarmierungsart","embeddable":true,"href":"https:\/\/www.feuerwehr-einbeck.de\/index.php?rest_route=%2Fwp%2Fv2%2Falarmierungsart&post=843"},{"taxonomy":"evw_unit","embeddable":true,"href":"https:\/\/www.feuerwehr-einbeck.de\/index.php?rest_route=%2Fwp%2Fv2%2Fevw_unit&post=843"}],"curies":[{"name":"wp","href":"https:\/\/api.w.org\/{rel}","templated":true}]}}

Türöffnung für den Rettungsdienst
